{"id":9457,"date":"2023-01-12T20:14:23","date_gmt":"2023-01-12T20:14:23","guid":{"rendered":"https:\/\/physio-waidfuss.ch\/?page_id=9457"},"modified":"2025-05-19T19:19:12","modified_gmt":"2025-05-19T19:19:12","slug":"chiara-richter","status":"publish","type":"page","link":"https:\/\/physio-waidfuss.ch\/en\/chiara-richter\/","title":{"rendered":"Chiara Richter"},"content":{"rendered":"<div id=\"pl-9457\"  class=\"panel-layout\" ><div id=\"pg-9457-0\"  class=\"panel-grid panel-no-style\" ><div id=\"pgc-9457-0-0\"  class=\"panel-grid-cell\" ><div id=\"panel-9457-0-0-0\" class=\"so-panel widget widget_sow-editor panel-first-child\" data-index=\"0\" ><div\n\t\t\t\n\t\t\tclass=\"so-widget-sow-editor so-widget-sow-editor-base\"\n\t\t\t\n\t\t>\n<div class=\"siteorigin-widget-tinymce textwidget\">\n\t<p><img decoding=\"async\" class=\"Physiotherapie Z\u00fcrich aligncenter wp-image-9510\" title=\"Physiotherapist Wipkingen\" src=\"https:\/\/physio-waidfuss.ch\/wp-content\/uploads\/2023\/02\/Chiara_Richter_Physiotherapeutin_Waidfuss-e1675277370397-300x226.jpg\" alt=\"Chiara Richter Physiotherapist Wipkingen\" width=\"786\" height=\"593\" srcset=\"https:\/\/physio-waidfuss.ch\/wp-content\/uploads\/2023\/02\/Chiara_Richter_Physiotherapeutin_Waidfuss-e1675277370397-300x226.jpg 300w, https:\/\/physio-waidfuss.ch\/wp-content\/uploads\/2023\/02\/Chiara_Richter_Physiotherapeutin_Waidfuss-e1675277370397-768x578.jpg 768w, https:\/\/physio-waidfuss.ch\/wp-content\/uploads\/2023\/02\/Chiara_Richter_Physiotherapeutin_Waidfuss-e1675277370397-1536x1156.jpg 1536w, https:\/\/physio-waidfuss.ch\/wp-content\/uploads\/2023\/02\/Chiara_Richter_Physiotherapeutin_Waidfuss-e1675277370397-16x12.jpg 16w\" sizes=\"(max-width: 786px) 100vw, 786px\" \/><\/p>\n<\/div>\n<\/div><\/div><div id=\"panel-9457-0-0-1\" class=\"so-panel widget widget_sow-editor panel-last-child\" data-index=\"1\" ><div\n\t\t\t\n\t\t\tclass=\"so-widget-sow-editor so-widget-sow-editor-base\"\n\t\t\t\n\t\t><h3 class=\"widget-title\">Chiara Richter<\/h3>\n<div class=\"siteorigin-widget-tinymce textwidget\">\n\t<div>Since the beginning of 2023, I have been part of the <a href=\"https:\/\/physio-waidfuss.ch\"><strong>Physiotherapy Waidfuss in Zurich<\/strong><\/a>. I completed my training at the University Hospital Giessen\/Marburg in Germany and then gained important experience at the outpatient rehabilitation center in Marburg. Since I was recognized by the Swiss Red Cross (SRC) in 2023, I have also been allowed to work as a physiotherapist here in Switzerland.<\/div>\n<div>In my work to date, I have specialized primarily in pre- and post-surgery treatment and conservative therapies. My aim is to find the best and most effective therapy for each individual patient in order to achieve their personal health goals. I attach great importance to a combination of passive measures and active support in order to achieve long-term improvement.<\/div>\n<div>I am also happy to support pregnant women to help them achieve greater well-being and health during pregnancy with targeted sporting activities.<\/div>\n<div>In my free time, I am active in sports myself, especially in the mountains, which I have been passionate about exploring since moving to Switzerland. I was originally involved in athletics, but the diverse Swiss mountain landscape has sparked my interest in outdoor sports.<\/div>\n<p>&nbsp;<\/p>\n<\/div>\n<\/div><\/div><\/div><\/div><div id=\"pg-9457-1\"  class=\"panel-grid panel-no-style\" ><div id=\"pgc-9457-1-0\"  class=\"panel-grid-cell\" ><div id=\"panel-9457-1-0-0\" class=\"so-panel widget widget_sow-editor panel-first-child panel-last-child\" data-index=\"2\" ><div\n\t\t\t\n\t\t\tclass=\"so-widget-sow-editor so-widget-sow-editor-base\"\n\t\t\t\n\t\t>\n<div class=\"siteorigin-widget-tinymce textwidget\">\n\t<p>&nbsp;<\/p>\n<p><span style=\"color: #56afd5; font-size: 14px;\"><strong>Vita and qualifications<\/strong><\/span><\/p>\n<table style=\"height: 1126px;\" width=\"843\">\n<tbody>\n<tr>\n<td width=\"126\">2024<\/td>\n<td width=\"334\">ACL injuries: from theory to practice, Physiotutors<\/td>\n<\/tr>\n<tr>\n<td width=\"126\">2024<\/td>\n<td width=\"334\">Advanced training: Connective tissue and wound healing FobiZe<\/td>\n<\/tr>\n<tr>\n<td width=\"126\">2023<\/td>\n<td width=\"334\">Recognition from SRK Physiotherapy<\/td>\n<\/tr>\n<tr>\n<td width=\"126\"><span style=\"font-size: 14px;\">since Feb. 2023<\/span><\/td>\n<td width=\"334\"><span style=\"font-size: 14px;\">Physicaltherapist,<\/span><br \/>\n<span style=\"font-size: 14px;\"><strong>Physiotherapy Waidfuss Zurich<\/strong><\/span><\/td>\n<\/tr>\n<tr>\n<td width=\"126\">\u00a02021- 2024<\/td>\n<td width=\"334\">Advanced training in manual therapy, <a href=\"https:\/\/www.sampt.de\/Start.html\" target=\"_blank\" rel=\"noopener\">SAMPT Cologne<\/a><\/td>\n<\/tr>\n<tr>\n<td width=\"126\">2020<\/td>\n<td width=\"334\">Manual training <a href=\"https:\/\/physio-waidfuss.ch\/angebot\/manuelle-lymphdrainage\/\">Lymphatic drainage<\/a>, Top Physio Mannheim<\/td>\n<\/tr>\n<tr>\n<td width=\"126\">2020<\/td>\n<td width=\"334\">Training Kinesio Tape<\/td>\n<\/tr>\n<tr>\n<td width=\"126\"><span style=\"font-size: 14px;\">2020-2022<\/span><\/td>\n<td width=\"334\"><span style=\"font-size: 14px;\">Physicaltherapist,<\/span><br \/>\n<span style=\"font-size: 14px;\"><strong>Health center\u00a0<\/strong><\/span><span style=\"font-size: 14px;\"><b>Marburg<\/b><\/span><\/td>\n<\/tr>\n<tr>\n<td width=\"126\">2017-2020<\/td>\n<td width=\"334\">Training as a physiotherapist, Rudolf Klapp School at the University Hospital Giessen-Marburg<\/td>\n<\/tr>\n<\/tbody>\n<\/table>\n<p>&nbsp;<\/p>\n<\/div>\n<\/div><\/div><\/div><\/div><\/div>","protected":false},"excerpt":{"rendered":"<p>Seit Anfang 2023 bin ich Teil des Teams der Physiotherapie Waidfuss in Z\u00fcrich. Meine Ausbildung habe ich am Universit\u00e4tsklinikum Gie\u00dfen\/Marburg in Deutschland gemacht und danach wichtige Erfahrungen im ambulanten Rehazentrum in Marburg gesammelt. Seitdem ich 2023 vom Schweizerischen Roten Kreuz (SRK) anerkannt wurde, darf ich auch hier in der Schweiz als Physiotherapeutin arbeiten. In meiner [&hellip;]<\/p>\n","protected":false},"author":9,"featured_media":9510,"parent":0,"menu_order":0,"comment_status":"closed","ping_status":"closed","template":"","meta":{"_acf_changed":false,"footnotes":""},"class_list":["post-9457","page","type-page","status-publish","has-post-thumbnail","hentry"],"acf":[],"_links":{"self":[{"href":"https:\/\/physio-waidfuss.ch\/en\/wp-json\/wp\/v2\/pages\/9457","targetHints":{"allow":["GET"]}}],"collection":[{"href":"https:\/\/physio-waidfuss.ch\/en\/wp-json\/wp\/v2\/pages"}],"about":[{"href":"https:\/\/physio-waidfuss.ch\/en\/wp-json\/wp\/v2\/types\/page"}],"author":[{"embeddable":true,"href":"https:\/\/physio-waidfuss.ch\/en\/wp-json\/wp\/v2\/users\/9"}],"replies":[{"embeddable":true,"href":"https:\/\/physio-waidfuss.ch\/en\/wp-json\/wp\/v2\/comments?post=9457"}],"version-history":[{"count":25,"href":"https:\/\/physio-waidfuss.ch\/en\/wp-json\/wp\/v2\/pages\/9457\/revisions"}],"predecessor-version":[{"id":10964,"href":"https:\/\/physio-waidfuss.ch\/en\/wp-json\/wp\/v2\/pages\/9457\/revisions\/10964"}],"wp:featuredmedia":[{"embeddable":true,"href":"https:\/\/physio-waidfuss.ch\/en\/wp-json\/wp\/v2\/media\/9510"}],"wp:attachment":[{"href":"https:\/\/physio-waidfuss.ch\/en\/wp-json\/wp\/v2\/media?parent=9457"}],"curies":[{"name":"wp","href":"https:\/\/api.w.org\/{rel}","templated":true}]}}

<div id="pl-9457"  class="panel-layout" ><div id="pg-9457-0"  class="panel-grid panel-no-style" ><div id="pgc-9457-0-0"  class="panel-grid-cell" ><div id="panel-9457-0-0-0" class="so-panel widget widget_sow-editor panel-first-child" data-index="0" ><div
			
			class="so-widget-sow-editor so-widget-sow-editor-base"
			
		>
<div class="siteorigin-widget-tinymce textwidget">
	<p><img decoding="async" class="Physiotherapie Zürich aligncenter wp-image-9510" title="Physiotherapist Wipkingen" src="https://physio-waidfuss.ch/wp-content/uploads/2023/02/Chiara_Richter_Physiotherapeutin_Waidfuss-e1675277370397-300x226.jpg" alt="Chiara Richter Physiotherapist Wipkingen" width="786" height="593" srcset="https://physio-waidfuss.ch/wp-content/uploads/2023/02/Chiara_Richter_Physiotherapeutin_Waidfuss-e1675277370397-300x226.jpg 300w, https://physio-waidfuss.ch/wp-content/uploads/2023/02/Chiara_Richter_Physiotherapeutin_Waidfuss-e1675277370397-768x578.jpg 768w, https://physio-waidfuss.ch/wp-content/uploads/2023/02/Chiara_Richter_Physiotherapeutin_Waidfuss-e1675277370397-1536x1156.jpg 1536w, https://physio-waidfuss.ch/wp-content/uploads/2023/02/Chiara_Richter_Physiotherapeutin_Waidfuss-e1675277370397-16x12.jpg 16w" sizes="(max-width: 786px) 100vw, 786px" /></p>
</div>
</div></div><div id="panel-9457-0-0-1" class="so-panel widget widget_sow-editor panel-last-child" data-index="1" ><div
			
			class="so-widget-sow-editor so-widget-sow-editor-base"
			
		><h3 class="widget-title">Chiara Richter</h3>
<div class="siteorigin-widget-tinymce textwidget">
	<div>Since the beginning of 2023, I have been part of the <a href="https://physio-waidfuss.ch"><strong>Physiotherapy Waidfuss in Zurich</strong></a>. I completed my training at the University Hospital Giessen/Marburg in Germany and then gained important experience at the outpatient rehabilitation center in Marburg. Since I was recognized by the Swiss Red Cross (SRC) in 2023, I have also been allowed to work as a physiotherapist here in Switzerland.</div>
<div>In my work to date, I have specialized primarily in pre- and post-surgery treatment and conservative therapies. My aim is to find the best and most effective therapy for each individual patient in order to achieve their personal health goals. I attach great importance to a combination of passive measures and active support in order to achieve long-term improvement.</div>
<div>I am also happy to support pregnant women to help them achieve greater well-being and health during pregnancy with targeted sporting activities.</div>
<div>In my free time, I am active in sports myself, especially in the mountains, which I have been passionate about exploring since moving to Switzerland. I was originally involved in athletics, but the diverse Swiss mountain landscape has sparked my interest in outdoor sports.</div>
<p>&nbsp;</p>
</div>
</div></div></div></div><div id="pg-9457-1"  class="panel-grid panel-no-style" ><div id="pgc-9457-1-0"  class="panel-grid-cell" ><div id="panel-9457-1-0-0" class="so-panel widget widget_sow-editor panel-first-child panel-last-child" data-index="2" ><div
			
			class="so-widget-sow-editor so-widget-sow-editor-base"
			
		>
<div class="siteorigin-widget-tinymce textwidget">
	<p>&nbsp;</p>
<p><span style="color: #56afd5; font-size: 14px;"><strong>Vita and qualifications</strong></span></p>
<table style="height: 1126px;" width="843">
<tbody>
<tr>
<td width="126">2024</td>
<td width="334">ACL injuries: from theory to practice, Physiotutors</td>
</tr>
<tr>
<td width="126">2024</td>
<td width="334">Advanced training: Connective tissue and wound healing FobiZe</td>
</tr>
<tr>
<td width="126">2023</td>
<td width="334">Recognition from SRK Physiotherapy</td>
</tr>
<tr>
<td width="126"><span style="font-size: 14px;">since Feb. 2023</span></td>
<td width="334"><span style="font-size: 14px;">Physicaltherapist,</span><br />
<span style="font-size: 14px;"><strong>Physiotherapy Waidfuss Zurich</strong></span></td>
</tr>
<tr>
<td width="126"> 2021- 2024</td>
<td width="334">Advanced training in manual therapy, <a href="https://www.sampt.de/Start.html" target="_blank" rel="noopener">SAMPT Cologne</a></td>
</tr>
<tr>
<td width="126">2020</td>
<td width="334">Manual training <a href="https://physio-waidfuss.ch/angebot/manuelle-lymphdrainage/">Lymphatic drainage</a>, Top Physio Mannheim</td>
</tr>
<tr>
<td width="126">2020</td>
<td width="334">Training Kinesio Tape</td>
</tr>
<tr>
<td width="126"><span style="font-size: 14px;">2020-2022</span></td>
<td width="334"><span style="font-size: 14px;">Physicaltherapist,</span><br />
<span style="font-size: 14px;"><strong>Health center </strong></span><span style="font-size: 14px;"><b>Marburg</b></span></td>
</tr>
<tr>
<td width="126">2017-2020</td>
<td width="334">Training as a physiotherapist, Rudolf Klapp School at the University Hospital Giessen-Marburg</td>
</tr>
</tbody>
</table>
<p>&nbsp;</p>
</div>
</div></div></div></div></div>

<p>Seit Anfang 2023 bin ich Teil des Teams der Physiotherapie Waidfuss in Zürich. Meine Ausbildung habe ich am Universitätsklinikum Gießen/Marburg in Deutschland gemacht und danach wichtige Erfahrungen im ambulanten Rehazentrum in Marburg gesammelt. Seitdem ich 2023 vom Schweizerischen Roten Kreuz (SRK) anerkannt wurde, darf ich auch hier in der Schweiz als Physiotherapeutin arbeiten. In meiner [&hellip;]</p>
